on divisor of 7 and p?
7
Suppose -2*p + 4 = -p. Suppose 3*d - p = 32. What is the greatest common factor of 2 and d?
2
Let t = -63 + 126. Let n(k) = k**3 + 2*k**2 - 6*k + 3. Let h be n(2). Suppose 0 = q - 0*q - h. What is the greatest common factor of q and t?
7
Let a = 8 + -4. Suppose 2*b = b - a*o + 114, 5*b + 3*o - 502 = 0. Calculate the highest common factor of b and 14.
14
Let s be (0 + 2)/(4/(-10)). Let m(o) = o**2 + 6*o + 7. Let r be m(s). Let v be 5 + -3 - (0 + 0). Calculate the greatest common factor of v and r.
2
Let f = -109 + 117. What is the greatest common divisor of f and 16?
8
Suppose -5*m + 2*n + 45 = -3*n, 2*n = -3*m + 2. Let o = 0 + 20. What is the greatest common factor of m and o?
4
Let m = -20 - -110. Calculate the greatest common divisor of m and 10.
10
Let s(g) = -2*g - 11. Let c be s(-10). Let d(u) = -u**3 + 2. Let o be d(0). Let b be (o + 0)*(-2 - -20). What is the highest common factor of c and b?
9
Let r(x) = x**3 + 5*x**2 - 8*x - 9. Let w be r(-6). Calculate the greatest common factor of 27 and w.
3
Let k = 445 + -130. Suppose 2*i - k = -i. What is the highest common factor of i and 42?
21
Let c = -25 - -44. Let h = 75 - -57. Let d be (h + 1)*(3 + -2). Calculate the greatest common divisor of c and d.
19
Suppose -2*g - g = -162. Suppose -g - 20 = 2*u. Let q = u + 61. What is the highest common factor of q and 3?
3
Suppose 4*q - 197 = -5. Suppose -2*x - q = -5*x. Let k = 5 + -1. What is the greatest common factor of x and k?
4
Let i(h) be the third derivative of h**4/24 + 4*h**2. Let d be 4*(2/(-8) + 1). Let k be i(d). Calculate the highest common factor of k and 1.
1
Suppose -2*w + w = 5*m - 40, -2*w + m = -25. Calculate the greatest common factor of 120 and w.
15
Let c(g) = 3*g**2 + 8*g + 5. Let b be c(-5). What is the greatest common factor of 10 and b?
10
Let n(i) = 4*i. Let q be n(-3). Let p = q + 18. Suppose 15 = -t + 6*t. Calculate the greatest common factor of t and p.
3
Let a be (12/(-15))/(4/(-130)). Calculate the highest common factor of 65 and a.
13
Suppose -2*d - 3*r = -7, -5*d - 5*r - 1 = -16. What is the highest common divisor of 3 and d?
1
Let a = 14 - -2. What is the greatest common factor of a and 4?
4
Suppose 250 = 8*h - 38. Suppose -3*j + 290 = 4*c, -6*j + 5*j + 5*c = -65. Calculate the greatest common factor of h and j.
18
Let f be -36*(-2 + 0 - 3/(-3)). Calculate the highest common divisor of 8 and f.
4
Suppose 15*i - 21 = 12*i. Suppose -2*p + 124 = 4*n - 18, 4*p - 244 = 2*n. What is the greatest common divisor of i and p?
7
Let g(s) = -s**2 + 8*s + 1. Let w be g(6). Suppose 5*p = w + 22. Calculate the highest common factor of 14 and p.
7
Suppose -4*g - 4 + 36 = 0. Let k be 1/2 + (-403)/(-26). Calculate the greatest common divisor of g and k.
8
Let q(s) = -s**3 - 11*s**2 - 7*s + 11. Let j be q(-11). Calculate the greatest common divisor of 11 and j.
11
Let v be 930/24 - (-1)/4. What is the greatest common factor of 26 and v?
13
Let c be 4/18 + 272/72. Suppose -a - c = -32. Calculate the highest common divisor of 7 and a.
7
Let f(s) = s**2 + s - 12. Let x be f(11). Calculate the greatest common factor of 15 and x.
15
Let b(p) = 15*p**3 - p**2 - p. Let f be b(-1). Let u = -3 - 30. Let d = f - u. What is the highest common factor of 2 and d?
2
Suppose 0 = -3*a - a + 956. Let b = a + -151. Calculate the greatest common factor of b and 11.
11
Suppose 5*k = 7*k. Suppose c + c - 88 = k. What is the greatest common factor of 66 and c?
22
Suppose -4*t + 109 + 3 = 0. What is the greatest common divisor of t and 224?
28
Let n be 4/6 + (-86)/(-6). Suppose 0 = -4*b - 13 + 33. Calculate the greatest common factor of n and b.
5
Let o(k) = k**2 - 4*k - 7. Let d be o(8). Suppose 2*n - 5 = 1. Suppose n*g - 19 + 4 = 0. What is the greatest common factor of d and g?
5
Suppose 2*i = i + 9. Suppose 5*k = 3*s + 250, s - 3*s = -4*k + 198. Let a = -29 + k. Calculate the greatest common divisor of a and i.
9
Suppose -3*b = -2*h - 289, b - 2*b = -5*h - 105. What is the highest common factor of 38 and b?
19
Let q = 35 - 11. What is the greatest common divisor of q and 3?
3
Let q be 0/(-6) - (-10)/2. What is the highest common divisor of 45 and q?
5
Let q be (-61)/(-7) - (-3)/(-21)*-2. Suppose -3*i = 5*h - i - 139, 0 = -4*h + 3*i + 102. Calculate the greatest common factor of h and q.
9
Suppose 5*a - w - 10 = 0, -2*a - w + 16 = w. What is the highest common factor of a and 3?
3
Suppose -3*t - 5*a = -11, -a + 6 - 13 = -4*t. Let b(l) = 3*l - 3 - 12*l + 16 - l**t. Let q be b(-10). Calculate the highest common factor of 9 and q.
3
Suppose y = -f, -2*y = -4*f + 2*y + 32. Suppose 0 = -3*n - f*m + 28, -2*m - 2*m = -4. Suppose q = -4*q + 360. Calculate the highest common divisor of q and n.
8
Let u = -3 + 2. Let f = 1 - u. Let o be 38/4 - (-12)/(-8). Calculate the highest common factor of o and f.
2
Let z(k) = k**3 + 4*k**2 + k + 9. Let l be z(-4). What is the highest common divisor of l and 55?
5
Suppose -7 = -j + h - 0*h, 2*h + 6 = 0. Suppose 2*g = j*l - 64, 2*g + 13 - 5 = 0. What is the greatest common factor of 112 and l?
14
Let o be 2/(108/53 - 2). Suppose 9 = 3*m, -5*m = -q - o + 206. Suppose k + 2*c = 23, -2*k + 3*k - c - 20 = 0. What is the greatest common factor of k and q?
21
Let u = 83 - -61. Calculate the greatest common factor of 9 and u.
9
Let w = -6 + 6. Suppose -b + 3 + 0 = w. Let j be 102/(-1 + 5/b). What is the greatest common factor of j and 17?
17
Suppose 0*y + 2*y = -3*t + 28, -4*t + 41 = 3*y. What is the highest common divisor of y and 44?
11
Let v be (-2 + 1)/(1/41). Let j = v + 105. Let h(q) = -2*q + 2. Let u be h(-3). Calculate the highest common factor of u and j.
8
Let i(h) = 2*h**2 - 3. Let o be i(-3). Suppose 2*q - 63 = o. What is the greatest common factor of q and 26?
13
Suppose -3*w + 18 + 30 = 0. Let l be (-6)/(0 - 1) + -3. Let y be (4/l)/((-2)/(-36)). Calculate the highest common factor of w and y.
8
Suppose -6*a + a + 20 = 0. Suppose -2*m + 0*m - 4 = -v, -3*v - a*m + 12 = 0. Suppose 0 = -0*j - j + 1. Calculate the greatest common factor of v and j.
1
Let n = 17 - 33. Suppose -3*d - d + 4*v + 172 = 0, 4*v - 68 = -2*d. Let q = d - n. Calculate the highest common factor of 7 and q.
7
Let n(z) = 13*z**2 - 5*z - 4. Let j be n(3). What is the greatest common factor of j and 14?
14
Let i(t) = 3*t**2 + 5*t + 8. Let s be i(-4). Calculate the greatest common factor of 180 and s.
36
Let f = -4 + 7. Suppose 2*t = -f*t + 10. Let k = 2 - 0. Calculate the greatest common factor of k and t.
2
Let r(g) = g**2 + 3*g + 7. Let z be r(7). Let m = z + 0. Let h be 0*3/(-9) + m. What is the greatest common divisor of 11 and h?
11
Let a(y) be the second derivative of y**3/6 + 7*y**2/2 - 2*y. Let u be a(7). What is the greatest common factor of 14 and u?
14
Suppose -39 = -v - w, 120 = -3*v + 6*v + 2*w. Calculate the greatest common divisor of 14 and v.
14
Suppose -2*i + 3*u = -126, 0 = -5*i + 3*u - 5*u + 296. What is the greatest common factor of i and 20?
20
Suppose 3*j - f = -43, j + 2*f - 58 = 5*j. Let u = 10 + j. Let s = -2 - u. What is the highest common factor of s and 22?
2
Suppose -1 - 1 = -2*s. Let c(y) = -y + 1. Let f be c(-3). What is the highest common factor of f and s?
1
Suppose 0 = 3*l + 3, 5*w - w - l = 17. Let i be 0 - (-4 + w + -2). Let d be -1 + i - (-15)/5. Calculate the greatest common divisor of d and 12.
4
Suppose 15*w - 139 = 71. What is the highest common divisor of 98 and w?
14
Suppose 2*f = -5*x - 15, -5 + 25 = -f - 5*x. What is the greatest common factor of 25 and f?
5
Let x = 178 + 42. Calculate the greatest common divisor of x and 44.
44
Suppose -5*l + 156 - 11 = 0. Suppose -3*j - 37 = 2*w, j + 5*w = -1 - 20. Let c = l + j. Calculate the highest common divisor of 126 and c.
18
Let b = 8 + -3. Suppose 0 = 3*g - b*x - 21, -2*x + 7 = 5*g - x. Suppose g*r - 2 = 46. Calculate the highest common factor of 6 and r.
6
Let l be 10/4 + (-4)/8. Suppose l*r + 626 = 4*u, 0 = -r + 1 - 2. What is the highest common divisor of 26 and u?
26
Let u = -26 - -49. Suppose 0 = 3*f - 101 + u. Calculate the highest common divisor of f and 13.
13
Let b(m) = -m**2 - 5*m + 4. Let n be b(-5). Suppose 4*c - 48 = -0*i + n*i, -3*i = c - 28. What is the greatest common factor of c and 4?
4
Let i(a) = -5*a + 10. Let p be